88670246.
2, 9929, 49787
List the prime factors of 1420867149.
3, 13, 36432491
List the prime factors of 436292326.
2, 19, 31, 101, 193
What are the prime factors of 45501368?
2, 11, 517061
List the prime factors of 2343278339.
37, 61, 1038227
List the prime factors of 1266700966.
2, 43, 14729081
List the prime factors of 178873040.
2, 5, 857, 2609
List the prime factors of 593231160.
2, 3, 5, 499, 9907
What are the prime factors of 50922407?
71, 443, 1619
What are the prime factors of 67264134?
2, 3, 7, 1601527
What are the prime factors of 45732058?
2, 2707, 8447
What are the prime factors of 270608695?
5, 7, 1889, 4093
List the prime factors of 731492021.
13, 56268617
What are the prime factors of 8158005412?
2, 2039501353
List the prime factors of 233869771.
233869771
List the prime factors of 308607152.
2, 7, 2755421
What are the prime factors of 83821892?
2, 7, 11, 31, 8779
List the prime factors of 650570226.
2, 3, 23, 59, 79903
What are the prime factors of 4218162723?
3, 17, 29, 73, 1447
What are the prime factors of 712351159?
13, 54796243
What are the prime factors of 510806391?
3, 170268797
List the prime factors of 37767020.
2, 5, 1888351
What are the prime factors of 186717678?
2, 3, 7, 4445659
List the prime factors of 529371536.
2, 3121, 10601
What are the prime factors of 2502175156?
2, 13, 53, 73, 12437
What are the prime factors of 1149517881?
3, 10273, 12433
List the prime factors of 595873106.
2, 12577, 23689
What are the prime factors of 266905788?
2, 3, 151, 147299
What are the prime factors of 117843489?
3, 181, 72341
What are the prime factors of 2802736080?
2, 3, 5, 523, 827
List the prime factors of 553297004.
2, 13, 10640327
What are the prime factors of 217699356?
2, 3, 7, 227, 233
List the prime factors of 414805794.
2, 3, 13, 5318023
What are the prime factors of 1039101547?
11, 1933, 48869
What are the prime factors of 41014586?
2, 67, 307, 997
What are the prime factors of 294556591?
7, 6011359
List the prime factors of 124909963.
124909963
What are the prime factors of 320725178?
2, 829, 193441
What are the prime factors of 395972527?
97, 911, 4481
What are the prime factors of 4064403367?
17, 463, 516377
What are the prime factors of 4113591226?
2, 101, 151, 157, 859
What are the prime factors of 463092632?
2, 31, 89, 20981
List the prime factors of 4594173013.
131, 35070023
List the prime factors of 55659362.
2, 11, 2529971
What are the prime factors of 12066146?
2, 29, 208037
List the prime factors of 334160441.
79, 97, 43607
What are the prime factors of 171007074?
2, 3, 7, 379, 3581
List the prime factors of 319510325.
5, 17, 113, 6653
List the prime factors of 82980132.
2, 3, 6915011
What are the prime factors of 278032228?
2, 69508057
List the prime factors of 1303386100.
2, 5, 13033861
What are the prime factors of 170891137?
170891137
List the prime factors of 178956391.
10399, 17209
What are the prime factors of 42084584?
2, 5260573
What are the prime factors of 2098934?
2, 23, 103, 443
List the prime factors of 2414115419.
311, 7762429
List the prime factors of 975303266.
2, 7, 197, 353627
List the prime factors of 142273935.
3, 5, 17, 47, 1319
List the prime factors of 24845196.
2, 3, 2070433
What are the prime factors of 284905896?
2, 3, 11, 1079189
List the prime factors of 94215605.
5, 11, 761, 2251
List the prime factors of 32448597.
3, 17, 636247
List the prime factors of 1336882025.
5, 53475281
List the prime factors of 2353599360.
2, 3, 5, 7, 31, 269
List the prime factors of 2925238264.
2, 13, 47, 359, 1667
List the prime factors of 312948674.
2, 156474337
List the prime factors of 7124249.
11, 647659
What are the prime factors of 38788601?
571, 67931
What are the prime factors of 65558519?
13, 5042963
List the prime factors of 1657453389.
3, 552484463
What are the prime factors of 2792791874?
2, 19, 73494523
List the prime factors of 45477832.
2, 43, 73, 1811
List the prime factors of 1307053568.
2, 17, 23, 6529
List the prime factors of 129959651.
37, 947, 3709
What are the prime factors of 2131856353?
11, 3527, 54949
List the prime factors of 123686236.
2, 73, 613, 691
What are the prime factors of 104754710?
2, 5, 10475471
List the prime factors of 115276130.
2, 5, 11527613
List the prime factors of 834346779.
3, 7, 67, 733, 809
What are the prime factors of 233774645?
5, 13, 23, 156371
What are the prime factors of 2139344255?
5, 31, 37, 233, 1601
What are the prime factors of 5824500643?
13, 8807, 50873
What are the prime factors of 1466847472?
2, 91677967
List the prime factors of 21120860.
2, 5, 47, 22469
What are the prime factors of 5810221631?
17, 439, 778537
What are the prime factors of 3926823476?
2, 981705869
List the prime factors of 6400644.
2, 3, 19, 67, 419
List the prime factors of 32514186.
2, 3, 881, 6151
What are the prime factors of 6411649770?
2, 3, 5, 59, 4969
List the prime factors of 684445360.
2, 5, 19, 450293
List the prime factors of 102909494.
2, 4099, 12553
What are the prime factors of 283635448?
2, 23, 1541497
List the prime factors of 1888471955.
5, 577, 743, 881
List the prime factors of 296139833.
11, 19, 1416937
List the prime factors of 37953533.
139, 273047
What are the prime factors of 38454871?
7, 13, 422581
What are the prime factors of 483994622?
2, 53, 4565987
What are the prime factors of 3035492045?
5, 23, 131, 201493
What are the prime factors of 2024517337?
17837, 113501
List the prime factors of 85403055.
3, 5, 127, 353
What are the prime factors of 707128726?
2, 353564363
List the prime factors of 424022957.
43, 9860999
List the prime factors of 213233387.
293, 727759
What are the prime factors of 445262704?
2, 23, 67, 18059
List the prime factors of 101018605.
5, 20203721
List the prime factors of 537976544.
2, 7, 1231, 1951
What are the prime factors of 51959331?
3, 5773259
List the prime factors of 138418653.
3, 29, 593, 2683
What are the prime factors of 150026299?
19, 199, 39679
List the prime factors of 2645946502.
2, 499, 617, 4297
What are the prime factors of 108712088?
2, 13589011
What are the prime factors of 73308686?
2, 11, 3332213
What are the prime factors of 43752631?
13, 3365587
What are the prime factors of 190342943?
7, 27191849
List the prime factors of 261906469.
11, 19, 809, 1549
List the prime factors of 407331750.
2, 3, 5, 7, 77587
What are the prime factors of 25124553?
3, 157, 5927
What are the prime factors of 495714531?
3, 13, 337, 37717
List the prime factors of 506485156.
2, 37, 3422197
What are the prime factors of 120783534?
2, 3, 23, 875243
List the prime factors of 4709102046.
2, 3, 11, 53, 397, 3391
What are the prime factors of 2921136617?
7, 1879, 31727
What are the prime factors of 40266230?
2, 5, 71, 56713
What are the prime factors of 100558419?
3, 13, 1481, 1741
List the prime factors of 4862454424.
2, 79, 7693757
List the prime factors of 98461073.
191, 193, 2671
What are the prime factors of 260394028?
2, 65098507
What are the prime factors of 339126179?
7, 48446597
List the prime factors of 3141021742.
2, 31, 137, 369793
List the prime factors of 6967315550.
2, 5, 13, 10718947
What are the prime factors of 3484758073?
17, 359, 570991
List the prime factors of 1111424367.
3, 2969, 124781
What are the prime factors of 98118165?
3, 5, 29, 211, 1069
List the prime factors of 638317188.
2, 3, 17731033
List the prime factors of 108733127.
2381, 45667
What are the prime factors of 467124030?
2, 3, 5, 1730089
List the prime factors of 328005762.
2, 3, 7, 47, 89, 1867
What are the prime factors of 1116550814?
2, 43, 349, 37201
List the prime factors of 462264273.
3, 37, 462727
List the prime factors of 475560836.
2, 73, 1628633
What are the prime factors of 297834430?
2, 5, 67, 444529
List the prime factors of 137085464.
2, 47, 443, 823
What are the prime factors of 419708917?
19, 1213, 18211
List the prime factors of 63076605.
3, 5, 59, 263, 271
What are the prime factors of 16368937?
13, 19, 66271
List the prime factors of 13875659.
7, 29, 2357
What are the prime factors of 280875338?
2, 41, 733, 4673
List the prime factors of 9529746.
2, 3, 43, 859
What are the prime factors of 5489578662?
2, 3, 47, 3943, 4937
What are the prime factors of 4205279269?
47, 89474027
List the prime factors of 1098623